(14)?
9
Let u(p) = -p**3 + 16*p**2 + 3*p - 10. Determine u(16).
38
Let r(y) = -6*y**2 + 2*y - 2. Determine r(2).
-22
Let s(t) = 3*t + 15. Determine s(-7).
-6
Let g(j) = j**3 + 3*j**2 - 1. Give g(1).
3
Let d(v) = 10*v**2 - 2. Determine d(-2).
38
Let h(m) = -2*m**2 + 13. What is h(5)?
-37
Let i(y) = -y**3 - 15*y**2 - 14*y + 7. Calculate i(-14).
7
Let s(z) = -z**2 - 11*z + 130. Calculate s(-18).
4
Let a(u) = 2*u**2 - 4*u - 1. What is a(-1)?
5
Let s(z) = z**3 - 7*z**2 + 9*z - 3. Calculate s(5).
-8
Let g(t) = -2*t**2 - 12*t + 5. What is g(-6)?
5
Let y(w) = w**2 - w - 1. Give y(-2).
5
Let b(o) = 20*o + 38. Give b(-4).
-42
Let j(q) = 6*q - 21. Calculate j(5).
9
Let q(t) = t**2 - 3*t + 7. What is q(5)?
17
Let c(f) = 6*f + 9. What is c(-3)?
-9
Let r(j) = -j**3 + 35*j**2 + 37*j - 39. Give r(36).
-3
Let n(x) = 6*x**2 - 5*x + 2. What is n(2)?
16
Let x(r) = -3*r + 4. Calculate x(-6).
22
Let f(z) = -z**2 + 57*z - 625. Give f(42).
5
Let c(y) = 3*y**3 - y**2 - y + 4. What is c(2)?
22
Let b(k) = -4*k**2 + k + 2. Calculate b(-2).
-16
Let t(i) = 21*i - 35. Determine t(9).
154
Let v(q) = -23*q + 43. Calculate v(2).
-3
Let v(p) = 23*p + 11. What is v(-3)?
-58
Let a(v) = -26*v**2 - 3*v + 1. Determine a(1).
-28
Let t(v) = 3*v - 6. Give t(-5).
-21
Let p(g) = -g**3 + 20*g**2 - 23*g + 93. Calculate p(19).
17
Let n(a) = -15*a**3 - 3*a**2 - 4*a - 2. What is n(-2)?
114
Let q(u) = u**3 + 13*u**2 + 19. Determine q(-13).
19
Let s(k) = k**2 - 18*k + 68. What is s(4)?
12
Let f(z) = -z**3 - 7*z**2 - 7*z + 5. Determine f(-5).
-10
Let f(t) = -3*t**2 + 9*t - 40. Determine f(7).
-124
Let x(q) = q**3 - 4*q**2 - 30*q + 101. Calculate x(6).
-7
Let n(c) = c**3 + 21*c**2 + 16*c - 78. Determine n(-20).
2
Let z(j) = -3*j - 15. Determine z(-8).
9
Let i(q) = q - 12. What is i(13)?
1
Let l(p) = p**2 + 7. What is l(3)?
16
Let h(i) = i - 6. What is h(0)?
-6
Let o(u) = -7*u + 5. Calculate o(1).
-2
Let s(j) = -j**2 - j + 1. Give s(1).
-1
Let w(k) = k**3 + 7*k**2 + 6*k + 6. Calculate w(-6).
6
Let x(a) = 5*a. Calculate x(-6).
-30
Let h(z) = -2*z**2 - 9*z + 28. What is h(-6)?
10
Let h(f) = f - 8. What is h(15)?
7
Let k(y) = -y**2 - 4*y + 19. What is k(-6)?
7
Let t(q) = -3*q**3 + 11*q**2 - 4*q - 5. Calculate t(4).
-37
Let i(y) = y**2 + 13*y + 8. What is i(-12)?
-4
Let d(z) = 4*z + 12. What is d(8)?
44
Let j(g) = 2*g**2 + 4*g - 7. What is j(-5)?
23
Let z(n) = -n**2 - 3*n. What is z(5)?
-40
Let p(f) = f**2 - 15*f - 3. Calculate p(14).
-17
Let t(c) = -c**2 + 2*c + 34. Determine t(-9).
-65
Let h(w) = -2*w - 52. Calculate h(-30).
8
Let o(b) = b**3 + b**2 - 17*b + 23. Calculate o(-5).
8
Let c(g) = -g**2 - 14*g - 2. What is c(-14)?
-2
Let z(c) = 51*c**2 - 3*c + 2. What is z(1)?
50
Let y(c) = 17*c - 119. What is y(7)?
0
Let w(y) = y**3 + 21*y**2 + 3*y + 37. Calculate w(-21).
-26
Let i(b) = 67*b + 325. Determine i(-5).
-10
Let g(o) = -o**2 - 10*o + 5. What is g(-14)?
-51
Let z(r) = -3*r**3 - 35*r**2 + 8*r - 35. What is z(-12)?
13
Let d(o) = -o**3 - 8*o**2 - 5*o - 5. Calculate d(-6).
-47
Let n(i) = -3*i + 230. Calculate n(78).
-4
Let l(g) = 25*g**2 + 2*g + 3. What is l(-1)?
26
Let s(f) = 2*f**3 + 7*f**2 + 7*f + 2. Determine s(-4).
-42
Let o(r) = -r**3 - 11*r**2 + r + 9. Calculate o(-11).
-2
Let s(w) = -4*w + 23. What is s(18)?
-49
Let z(g) = g**3 - 12*g**2 - 12*g - 15. What is z(13)?
-2
Let s(y) = -y**3 + 9*y**2 + 13*y. Give s(10).
30
Let m(x) = 18*x - 134. Calculate m(7).
-8
Let g(d) = -6*d**3 + 2*d**2 + 2*d + 1. Give g(-1).
7
Let t(w) = w**2 + 14*w - 143. Calculate t(6).
-23
Let a(l) = 11*l - 422. Determine a(40).
18
Let n(h) = h**3 - 47*h**2 + 208*h + 79. Give n(42).
-5
Let a(c) = 68*c + 8. Determine a(-1).
-60
Let v(a) = a**2 - 2*a - 9. Give v(-3).
6
Let v(y) = -125*y**2 - 2*y - 2. Give v(-1).
-125
Let w(k) = -4*k**2 - 5*k - 2. Determine w(-2).
-8
Let i(o) = -2*o**2 - 7*o - 11. Calculate i(-4).
-15
Let o(t) = -127*t + 759. Give o(6).
-3
Let w(c) = 3*c**2 - 17*c - 19. Determine w(7).
9
Let v(r) = -r**2 + 6*r - 8. Calculate v(5).
-3
Let o(l) = l + 20. What is o(-6)?
14
Let s(j) = 3*j**3 + 2*j**2 + 4*j + 10. Give s(-3).
-65
Let r(x) = -2*x - 18. Calculate r(-10).
2
Let x(q) = -2*q**2 + 3*q + 2. Determine x(-1).
-3
Let g(l) = -2*l - 5. Give g(-2).
-1
Let l(p) = -p**2 - 4. Determine l(-7).
-53
Let b(q) = q**3 - 6*q**2 + 7*q - 6. Give b(5).
4
Let j(d) = 2*d**2 + 15*d + 8. Determine j(-7).
1
Let r(b) = -b**2 - 11*b - 5. Determine r(-12).
-17
Let s(z) = z**3 - 27*z**2 + 26*z + 35. Determine s(26).
35
Let m(i) = -i**2 - 18*i + 24. Determine m(-19).
5
Let i(g) = 2*g**2 - 2*g - 4. What is i(-2)?
8
Let i(b) = -3*b + 2. Calculate i(-6).
20
Let k(j) = -j. Determine k(-2).
2
Let n(r) = -2*r - 9. Determine n(-8).
7
Let v(h) = -h**3 - 6*h**2 + 6*h - 9. Calculate v(-7).
-2
Let z(s) = 2*s + 2. Determine z(-2).
-2
Let h(w) = -w**3 - 7*w**2 + 11*w + 1. What is h(-8)?
-23
Let j(o) = 3*o + 11. What is j(9)?
38
Let r(c) = -c**2 + 18*c + 59. Calculate r(21).
-4
Let r(u) = u - 16. What is r(17)?
1
Let r(l) = 106*l + 961. Determine r(-9).
7
Let n(b) = b**2 + 18*b - 36. Calculate n(-20).
4
Let g(w) = -w**3 - 3*w**2 + 4*w + 3. What is g(-3)?
-9
Let r(k) = -2*k**3 + 3*k**2 - 9*k + 14. Calculate r(3).
-40
Let v(a) = -a**3 + 5*a**2 + 23*a + 11. Determine v(8).
3
Let b(f) = f**3 + 3*f**2 - 10*f - 10. Calculate b(-5).
-10
Let c(r) = -r**2 + 9*r + 107. What is c(17)?
-29
Let j(i) = i**2 + 5*i - 5. What is j(-11)?
61
Let n(o) = 4*o - 4. Give n(-3).
-16
Let j(u) = -6*u**3 + u - 1. Give j(1).
-6
Let p(m) = 3*m**3 - m + 1. Give p(-2).
-21
Let b(l) = 17*l + 214. What is b(-13)?
-7
Let l(z) = -3*z + 1. Determine l(-8).
25
Let t(w) = -2*w + 6. Calculate t(1).
4
Let j(a) = 5*a + 51. Calculate j(-15).
-24
Let p(z) = z**3 + 24*z**2 + 41*z - 75. What is p(-22)?
-9
Let b(q) = 5*q + 90. What is b(-8)?
50
Let u(d) = -2*d + 3. Determine u(4).
-5
Let o(c) = 49*c**2 - c + 2. Determine o(1).
50
Let g(b) = 12*b**2 - b - 1. Calculate g(-1).
12
Let y(t) = 2*t**3 + 16*t**2 + 16*t + 12. Calculate y(-7).
-2
Let j(p) = p**2 + 13*p - 74. Calculate j(-17).
-6
Let x(v) = v**2 + 2*v + 2. What is x(-3)?
5
Let g(l) = 3*l + 24. Determine g(-6).
6
Let q(p) = -202*p + 1. Calculate q(0).
1
Let y(i) = i + 3. Calculate y(3).
6
Let r(a) = 18*a - 337. What is r(18)?
-13
Let j(x) = -4*x - 19. Calculate j(-12).
29
Let x(l) = l - 26. Give x(16).
-10
Let g(b) = b**3 + 5*b**2 - 16*b + 50. Determine g(-8).
-14
Let j(q) = q**3 + 3*q**2 - 2*q - 1. Determine j(-3).
5
Let c(u) = -3*u**2 - 70*u + 29. Determine c(-24).
-19
Let v(q) = q**3 - 23*q**2 - 23*q - 26. Determine v(24).
-2
Let x(h) = -h**3 + 8*h**2 + 7*h + 9. Calculate x(9).
-9
Let q(a) = -a**3 - 9*a**2 - 16*a - 37. Determine q(-8).
27
Let s(k) = -k**3 - 2*k**2 - 4*k - 11. Give s(-2).
-3
Let b(i) = 286*i - 2568. Calculate b(9).
6
Let z(j) = -j**2 + 14*j + 15. Give z(7).
64
Let h(m) = m**3 - 4*m**2 + 5*m - 8. Give h(3).
-2
Let t(b) = b + 10. Calculate t(-5).
5
Let d(c) = 2*c**2 + 2*c + 35. What is d(0)?
35
Let x(m) = -m**3 + 30*m**2 + 27*m + 117. Determine x(31).
-7
Let q(l) = -13*l - 59. Calculate q(-4).
-7
Let w(c) = c**3 - 10*c**2 + 2*c - 15. Calculate w(10).
5
Let t(b) = 75*b**2 + 1. What is t(-1)?
76
Let x(h) = 7*h**2 + 91*h + 3. What is x(-13)?
3
Let d(f) = -f**2 - 2*f - 5. Determine d(-7).
-40
Let x(s) = -s**3 - 6*s**2 + 5*s - 1. What is x(-7)?
13
Let n(t) = -t**2 - 22*t - 12. Calculate n(-19).
45
Let w(r) = -r - 3. What is w(-11)?
8
Let g(j) = -j**2 + 14*j + 8. What is g(15)?
-7
Let n(w) = -w**2 - 5*w - 4. What is n(-6)?
-10
Let r(u) = -4*u**3 + u**2. Give r(-2).
36
Let s(i) = -i**3 + 15*i**2 - 14*i + 16. Determine s(14).
16
Let v(q) = -6*q + 4. Calculate v(3).
-14
Let y(m) = m**2 + m - 46. Give y(6).
-4
Let c(l) = l**3 - 21*l**2 + 19*l + 20. Determine c(20).
0
Let y(k) = -k**2 + 8*k - 14. Calculate y(5).
1
Let z(v) = -v**3 + 6*v**2 - 5*v - 3. Determine z(5).
-3
Let r(z) = -6*z**2 + 12*z + 10. Determine r(-1).
-8
Let r(y) = -9*y**3 + 1. Calculate r(1).
-8
Let z(w) = 6*w**2 + 118*w + 74. Give z(-19).
-2
Let k(p) = -4*p + 9. Determine k(4).
-7
Let c(g) = g + 23. What is c(-4)?
19
Let w(q) = -13*q - 273. Give w(-22).
13
Let t(n) = -9*n + 117. Calculate t(14).
-9
Let d(i) = i - 18. Calculate d(3).
-15
Let d(h) = 4*h + 1. Give d(4).
17
Let s(v) = -v**2 - 20*v + 570. What is s(-36)?
-6
Let o(m) = -5*m**3 - 39*m**2 + 8*m - 3. 